divide 17070134?
True
Does 116 divide 19215378?
False
Is 739 a factor of 120412660?
True
Does 8 divide 1751593?
False
Is 267110212 a multiple of 94?
True
Is 13 a factor of 425699625?
True
Does 4496 divide 414236942?
False
Is 16424275 even?
False
Does 5801 divide 743856429?
True
Does 27 divide 419539167?
False
Does 2956 divide 2639584819?
False
Does 119 divide 339970129?
False
Is 393 a factor of 612262953?
True
Does 29 divide 60264204?
True
Is 449404401 a multiple of 17?
True
Does 407 divide 50315356?
False
Is 36 a factor of 3641847372?
True
Is 466 a factor of 1596982?
True
Does 196 divide 253045016?
True
Is 2409995 a multiple of 37?
True
Does 4889 divide 454002318?
True
Is 5003975736 a multiple of 38?
True
Does 38 divide 80429164?
False
Does 170 divide 134865250?
True
Is 32 a factor of 9884960?
True
Does 512 divide 16406021?
False
Is 3161383798 a multiple of 23?
False
Is 319247246 a multiple of 520?
False
Is 6606813 a multiple of 44?
False
Is 21 a factor of 67838878?
False
Does 13 divide 589414378?
False
Is 1457000538 a multiple of 18?
False
Is 1194954383 a multiple of 2169?
False
Is 12466 a factor of 1889748666?
False
Does 4437 divide 1525190829?
False
Is 755867359 a multiple of 537?
False
Does 17 divide 288155950?
True
Does 809 divide 13232407?
False
Is 10359095 a multiple of 2?
False
Is 64 a factor of 1647409344?
True
Is 201 a factor of 637555317?
True
Does 40 divide 3518345040?
True
Is 558455840 a multiple of 5840?
True
Does 3 divide 7143952?
False
Does 41 divide 32719490?
False
Is 2466 a factor of 466147980?
True
Is 26 a factor of 154986?
True
Is 74988916 a multiple of 253?
False
Is 165633372 a multiple of 435?
False
Is 4 a factor of 215332348?
True
Is 66 a factor of 1592250?
True
Is 17 a factor of 60294359?
True
Is 98847459 a multiple of 59?
False
Is 12475155 a multiple of 27?
False
Is 3665 a factor of 80063665?
False
Is 3 a factor of 149106?
True
Does 9 divide 2713668?
False
Is 107333673 a multiple of 31?
False
Does 4 divide 930257415?
False
Does 15 divide 60050175?
True
Is 1930 a factor of 211273461?
False
Is 167869824 a multiple of 332?
True
Does 144 divide 70121507?
False
Does 16 divide 24885376?
True
Is 18530759 a multiple of 13?
True
Does 53 divide 89585582?
True
Is 449540574 a multiple of 116?
False
Is 50 a factor of 5622800?
True
Does 8 divide 92689155?
False
Is 16 a factor of 69661420?
False
Is 268940169 a multiple of 298?
False
Does 17 divide 23711658?
False
Is 16 a factor of 49375872?
True
Is 3293 a factor of 453292637?
False
Is 15 a factor of 15986756?
False
Is 5413207 a multiple of 29?
False
Is 54158257 a multiple of 73?
False
Is 446 a factor of 302380455?
False
Is 9326548 a multiple of 308?
True
Does 8 divide 7477573?
False
Does 27 divide 362758?
False
Is 1926 a factor of 482014242?
True
Does 8 divide 109588729?
False
Does 12 divide 3860536?
False
Does 25 divide 2933153467?
False
Is 426 a factor of 894495204?
True
Does 76 divide 355694696?
False
Is 146488648 a multiple of 325?
False
Is 156474914 a multiple of 12?
False
Is 5730300 a multiple of 36?
True
Does 15 divide 316892824?
False
Does 8 divide 23617777?
False
Is 66824688 a multiple of 2856?
True
Is 559 a factor of 1555833?
False
Does 250 divide 12989165?
False
Is 74602617 a multiple of 60?
False
Does 1891 divide 13944234?
True
Is 128135215 a multiple of 869?
False
Is 23 a factor of 17366311?
True
Is 6737632403 a multiple of 44?
False
Is 2205132 a multiple of 26?
False
Is 388 a factor of 14276942?
False
Is 1961 a factor of 53650422?
False
Does 211 divide 19950261?
True
Does 6 divide 76036283?
False
Is 194235930 a multiple of 1213?
False
Does 109 divide 34851551?
True
Does 125 divide 34173500?
True
Does 21 divide 372746997?
True
Is 147795829 a multiple of 51?
False
Is 1795101 a multiple of 231?
True
Is 6 a factor of 944431872?
True
Is 148 a factor of 75922964?
True
Does 44 divide 1368311553?
False
Does 25 divide 22276175?
True
Does 2135 divide 681449300?
True
Is 3445 a factor of 546701267?
False
Is 13 a factor of 80537213?
False
Is 1665000 a multiple of 19?
False
Is 402 a factor of 601393348?
False
Is 8 a factor of 2804127200?
True
Is 47 a factor of 219856647?
True
Is 356 a factor of 21440100?
True
Is 49 a factor of 41519153?
False
Is 73649972 a multiple of 422?
True
Does 794 divide 157782885?
False
Is 187390491 a multiple of 107?
True
Is 1296751795 a multiple of 84?
False
Is 2039 a factor of 38351551?
True
Is 75 a factor of 8957400?
True
Does 256 divide 95805157?
False
Is 3019 a factor of 3329885412?
False
Is 3212 a factor of 36500476?
False
Is 669 a factor of 511924152?
True
Does 187 divide 319352429?
True
Is 4 a factor of 26864120?
True
Does 384 divide 27023159?
False
Is 4 a factor of 83850893?
False
Is 786873516 a multiple of 39?
True
Does 20 divide 40408560?
True
Is 19 a factor of 462077372?
False
Is 43388224 a multiple of 352?
True
Does 14 divide 743273326?
False
Is 7513559 a multiple of 101?
False
Is 4600995264 a multiple of 48?
True
Does 203 divide 138197325?
True
Is 5 a factor of 92108005?
True
Is 927 a factor of 37235985?
False
Is 143 a factor of 28494037?
True
Does 25 divide 1420733064?
False
Is 224571943 a multiple of 1145?
False
Does 1190 divide 198176961?
False
Is 191 a factor of 98592267?
False
Is 3387 a factor of 4155998592?
False
Is 114 a factor of 964519572?
True
Is 7813200 a multiple of 600?
True
Is 3 a factor of 2380589?
False
Is 275919686 a multiple of 26?
False
Does 15 divide 857327394?
False
Is 299430 a multiple of 15?
True
Is 8 a factor of 43599848?
True
Does 195 divide 1011628418?
False
Is 4 a factor of 74180684?
True
Does 7 divide 99772001?
True
Is 1439837146 a multiple of 1327?
False
Is 8956073 a multiple of 87?
False
Is 1657 a factor of 29589105?
False
Is 2236572808 a multiple of 5612?
True
Does 8054 divide 3063106947?
False
Is 10728540 a multiple of 20?
True
Is 11 a factor of 169745061?
False
Is 702414314 a multiple of 48?
False
Does 50 divide 72013012?
False
Is 896 a factor of 164324608?
True
Is 124 a factor of 288475509?
False
Is 2 a factor of 3585037?
False
Is 339257352 a multiple of 822?
False
Does 370 divide 217442225?
False
Is 933343108 a multiple of 188?
True
Does 576 divide 18297216?
True
Does 1142 divide 31912232?
False
Is 65 a factor of 2196892973?
False
Is 1351 a factor of 673638060?
False
Does 3 divide 82829229?
True
Is 2022874147 a multiple of 623?
True
Is 12 a factor of 3931745959?
False
Does 13 divide 1334112?
True
Is 40544761 a multiple of 107?
True
Is 2255 a factor of 3837595433?
False
Is 218507337 a multiple of 69?
True
Is 184491120 a multiple of 1210?
True
Does 8 divide 44653240?
True
Does 14 divide 41203848?
True
Is 6377 a factor of 769182288?
False
Is 2438715706 a multiple of 304?
False
Is 123929190 a multiple of 693?
True
Is 603 a factor of 1189719?
True
Is 422 a factor of 6952665220?
True
Is 41 a factor of 4867479?
True
Is 1317981626 a multiple of 247?
True
Does 181 divide 572821363?
False
Does 4 divide 61280754?
False
Is 13 a factor of 24080823?
True
Does 211 divide 127164646?
False
Is 308 a factor of 154428120?
True
Is 3 a factor of 584536317?
True
Is 39 a factor of 425637851?
False
Is 17 a factor of 270343226?
False
Is 15 a factor of 8168565840?
True
Is 231 a factor of 1674849147?
False
Is 84 a factor of 63100044?
True
Is 3365 a factor of 224459377?
False
Does 7 divide 138651830?
False
Is 1051 a factor of 22460921?
True
Does 13 divide 142446100?
False
Is 5 a factor of 105031290?
True
Is 16 a factor of 2371848672?
True
Does 830 divide 28896117?
False
Is 43460616 a multiple of 23?
True
Is 22 a factor of 312982347?
False
Is 6283698564 a multiple of 44?
True
Does 10 divide 117166656?
False
Is 29 a factor of 15195884?
True
Is 1589 a factor of 11377240?
True
Is 486 a factor of 19542060?
True
Does 27 divide 185753763?
True
Is 15327642 a multiple of 17?
True
Is 102429200 a multiple of 881?
False
Does 25 divide 4967742?
False
Is 10 a factor of 66364630?
True
Does 266 divide 76781815?
False
Does 772 divide 410286348?
True
Does 4718 divide 534912686?
True
Is 208 a factor of 427201424?
True
Does 19 divide 4838424?
False
Is 43524642 a multiple of 42?
True
Is 272794171 a multiple of 1081?
False
Is 955 a factor of 32449945?
True
Is 1522 a factor of 88146630?
True
Is 14405674 a multiple of 407?
False
Does 565 divide 19523010?
Tr